{"id":10,"date":"2012-05-29T12:21:43","date_gmt":"2012-05-29T10:21:43","guid":{"rendered":"http:\/\/www.maler-meijer.de\/MalerMeijer\/?page_id=10"},"modified":"2016-05-30T11:46:33","modified_gmt":"2016-05-30T09:46:33","slug":"fachgeschaft","status":"publish","type":"page","link":"https:\/\/www.maler-meijer.de\/MalerMeijer\/fachgeschaft\/","title":{"rendered":"Fachgesch\u00e4ft"},"content":{"rendered":"<p style=\"text-align: justify;\"><span style=\"font-size: medium;\"><br \/>\n<\/span><\/p>\n<p style=\"text-align: justify;\"><span style=\"font-size: medium;\"><strong><img decoding=\"async\" loading=\"lazy\" class=\"alignleft wp-image-1789 \" src=\"http:\/\/www.maler-meijer.de\/MalerMeijer\/wp-content\/uploads\/2012\/05\/Tapetenf\u00e4cher-550x413.jpg\" alt=\"Tapetenf\u00e4cher\" width=\"631\" height=\"474\" srcset=\"https:\/\/www.maler-meijer.de\/MalerMeijer\/wp-content\/uploads\/2012\/05\/Tapetenf\u00e4cher-550x413.jpg 550w, https:\/\/www.maler-meijer.de\/MalerMeijer\/wp-content\/uploads\/2012\/05\/Tapetenf\u00e4cher.jpg 650w\" sizes=\"(max-width: 631px) 100vw, 631px\" \/><\/strong>Moderne Wandgestaltung setzt Akzente und schenkt Wohnlichkeit.<\/span><br \/>\n<span style=\"font-size: medium;\">Die Farbgestaltung in unseren eigenen vier W\u00e4nden kann sehr viel zu unserem Wohlbefinden beitragen.Noch nie war die Auswahl an Tapetenmustern und Designs so gro\u00df wie heute!Unser Fachgesch\u00e4ft mit ca.300 qm Auswahl an Tapeten, Farben (mit eigener Farbmischanlage) Teppichb\u00f6den, Parkett, Kork, Designbel\u00e4gen,Zierprofilen und\u00a0 mehr wartet auf Sie.<\/span><\/p>\n<p>&nbsp;<\/p>\n<p>&nbsp;<\/p>\n<p>&nbsp;<\/p>\n<p><img decoding=\"async\" loading=\"lazy\" class=\"wp-image-1787 alignright\" src=\"http:\/\/www.maler-meijer.de\/MalerMeijer\/wp-content\/uploads\/2012\/05\/Korkst\u00e4nder-mit-kalkputz-550x413.jpg\" alt=\"Korkst\u00e4nder mit kalkputz\" width=\"631\" height=\"474\" srcset=\"https:\/\/www.maler-meijer.de\/MalerMeijer\/wp-content\/uploads\/2012\/05\/Korkst\u00e4nder-mit-kalkputz-550x413.jpg 550w, https:\/\/www.maler-meijer.de\/MalerMeijer\/wp-content\/uploads\/2012\/05\/Korkst\u00e4nder-mit-kalkputz.jpg 650w\" sizes=\"(max-width: 631px) 100vw, 631px\" \/><\/p>\n<p style=\"text-align: justify;\"><span style=\"font-size: medium;\">Zeitgem\u00e4\u00dfe Bodengestaltung nach Ma\u00df.F\u00fcr eine warme und wohnliche Atmosph\u00e4re in Ihren eigenen vier W\u00e4nden bieten wir Ihnen hochwertige Kunststoff-Designbodenbel\u00e4ge, die dank ihrer naturgetreuen Nachbildung wie echte Holz- oder Fliesenb\u00f6den wirken. Gleichzeitig sind sie besonders pflegeleicht und unempfindlich gegen N\u00e4sse, so dass selbst eine Verlegung in Bad und K\u00fcche m\u00f6glich ist. Dar\u00fcber hinaus garantieren wir Ihnen, dass unsere Produkte regelm\u00e4\u00dfig emissionsgepr\u00fcft werden und durch den Materialaufbau zu 100% recyclebar sind. <\/span><\/p>\n<p style=\"text-align: justify;\"><span style=\"font-size: medium;\">Ob textile B\u00f6den, Parkett, Laminat, Kork, Linoleum, Naturb\u00f6den, Sauberlaufb\u00f6den, CV-Design-Bel\u00e4ge, Elastische B\u00f6den, Matten und Unterlegprodukte \u2013\u00a0unser Sortiment l\u00e4sst keine W\u00fcnsche offen. Unsere St\u00e4rken sind unsere langj\u00e4hrige Erfahrung ,unsere tollen Mitarbeiter und unsere erstklassige Produktauswahl.\u00a0<\/span><\/p>\n<p style=\"text-align: justify;\"><span style=\"font-size: medium;\">Die richtige Farbe macht&#8217;s<\/span><\/p>\n<p style=\"text-align: justify;\"><img decoding=\"async\" loading=\"lazy\" class=\"alignleft wp-image-1801\" src=\"http:\/\/www.maler-meijer.de\/MalerMeijer\/wp-content\/uploads\/2012\/05\/Werkzeugseite-550x413.jpg\" alt=\"Werkzeugseite\" width=\"632\" height=\"474\" srcset=\"https:\/\/www.maler-meijer.de\/MalerMeijer\/wp-content\/uploads\/2012\/05\/Werkzeugseite-550x413.jpg 550w, https:\/\/www.maler-meijer.de\/MalerMeijer\/wp-content\/uploads\/2012\/05\/Werkzeugseite.jpg 650w\" sizes=\"(max-width: 632px) 100vw, 632px\" \/><\/p>\n<p style=\"text-align: justify;\"><span style=\"font-size: medium;\">Caparol-Sikkens-Herbol-CWS.Wir f\u00fchren ein umfangreiches Farben- und Lacksortiment f\u00fcr jeden Einsatzbereich.<\/span><\/p>\n<p style=\"text-align: justify;\"><span style=\"font-size: medium;\">Sie m\u00f6chten mehr wissen? Wir beraten Sie gern \u2013 sprechen Sie uns an!<\/span><span style=\"font-size: medium;\">Individuelle Farbtonw\u00fcnsche werden an der ColorExpress-Station gemischt und <\/span><\/p>\n<p style=\"text-align: justify;\"><span style=\"font-size: medium;\">gespeichert, so dass Ihr Wunschfarbton jederzeit nachgeliefert werden kann.<\/span><\/p>\n","protected":false},"excerpt":{"rendered":"<p>Moderne Wandgestaltung setzt Akzente und schenkt Wohnlichkeit. Die Farbgestaltung in unseren eigenen vier W\u00e4nden kann sehr viel zu unserem Wohlbefinden beitragen.Noch nie war die Auswahl an Tapetenmustern und Designs so gro\u00df wie heute!Unser Fachgesch\u00e4ft mit ca.300 qm Auswahl an Tapeten, Farben (mit eigener Farbmischanlage) Teppichb\u00f6den, Parkett, Kork, Designbel\u00e4gen,Zierprofilen und\u00a0 mehr wartet auf Sie. &nbsp; &nbsp; [&hellip;]<\/p>\n","protected":false},"author":1,"featured_media":0,"parent":0,"menu_order":0,"comment_status":"closed","ping_status":"closed","template":"page-full.php","meta":[],"aioseo_notices":[],"_links":{"self":[{"href":"https:\/\/www.maler-meijer.de\/MalerMeijer\/wp-json\/wp\/v2\/pages\/10"}],"collection":[{"href":"https:\/\/www.maler-meijer.de\/MalerMeijer\/wp-json\/wp\/v2\/pages"}],"about":[{"href":"https:\/\/www.maler-meijer.de\/MalerMeijer\/wp-json\/wp\/v2\/types\/page"}],"author":[{"embeddable":true,"href":"https:\/\/www.maler-meijer.de\/MalerMeijer\/wp-json\/wp\/v2\/users\/1"}],"replies":[{"embeddable":true,"href":"https:\/\/www.maler-meijer.de\/MalerMeijer\/wp-json\/wp\/v2\/comments?post=10"}],"version-history":[{"count":169,"href":"https:\/\/www.maler-meijer.de\/MalerMeijer\/wp-json\/wp\/v2\/pages\/10\/revisions"}],"predecessor-version":[{"id":1839,"href":"https:\/\/www.maler-meijer.de\/MalerMeijer\/wp-json\/wp\/v2\/pages\/10\/revisions\/1839"}],"wp:attachment":[{"href":"https:\/\/www.maler-meijer.de\/MalerMeijer\/wp-json\/wp\/v2\/media?parent=10"}],"curies":[{"name":"wp","href":"https:\/\/api.w.org\/{rel}","templated":true}]}}

Fachgeschäft

<p style="text-align: justify;"><span style="font-size: medium;"><br />
</span></p>
<p style="text-align: justify;"><span style="font-size: medium;"><strong><img decoding="async" loading="lazy" class="alignleft wp-image-1789 " src="http://www.maler-meijer.de/MalerMeijer/wp-content/uploads/2012/05/Tapetenfächer-550x413.jpg" alt="Tapetenfächer" width="631" height="474" srcset="https://www.maler-meijer.de/MalerMeijer/wp-content/uploads/2012/05/Tapetenfächer-550x413.jpg 550w, https://www.maler-meijer.de/MalerMeijer/wp-content/uploads/2012/05/Tapetenfächer.jpg 650w" sizes="(max-width: 631px) 100vw, 631px" /></strong>Moderne Wandgestaltung setzt Akzente und schenkt Wohnlichkeit.</span><br />
<span style="font-size: medium;">Die Farbgestaltung in unseren eigenen vier Wänden kann sehr viel zu unserem Wohlbefinden beitragen.Noch nie war die Auswahl an Tapetenmustern und Designs so groß wie heute!Unser Fachgeschäft mit ca.300 qm Auswahl an Tapeten, Farben (mit eigener Farbmischanlage) Teppichböden, Parkett, Kork, Designbelägen,Zierprofilen und  mehr wartet auf Sie.</span></p>
<p>&nbsp;</p>
<p>&nbsp;</p>
<p>&nbsp;</p>
<p><img decoding="async" loading="lazy" class="wp-image-1787 alignright" src="http://www.maler-meijer.de/MalerMeijer/wp-content/uploads/2012/05/Korkständer-mit-kalkputz-550x413.jpg" alt="Korkständer mit kalkputz" width="631" height="474" srcset="https://www.maler-meijer.de/MalerMeijer/wp-content/uploads/2012/05/Korkständer-mit-kalkputz-550x413.jpg 550w, https://www.maler-meijer.de/MalerMeijer/wp-content/uploads/2012/05/Korkständer-mit-kalkputz.jpg 650w" sizes="(max-width: 631px) 100vw, 631px" /></p>
<p style="text-align: justify;"><span style="font-size: medium;">Zeitgemäße Bodengestaltung nach Maß.Für eine warme und wohnliche Atmosphäre in Ihren eigenen vier Wänden bieten wir Ihnen hochwertige Kunststoff-Designbodenbeläge, die dank ihrer naturgetreuen Nachbildung wie echte Holz- oder Fliesenböden wirken. Gleichzeitig sind sie besonders pflegeleicht und unempfindlich gegen Nässe, so dass selbst eine Verlegung in Bad und Küche möglich ist. Darüber hinaus garantieren wir Ihnen, dass unsere Produkte regelmäßig emissionsgeprüft werden und durch den Materialaufbau zu 100% recyclebar sind. </span></p>
<p style="text-align: justify;"><span style="font-size: medium;">Ob textile Böden, Parkett, Laminat, Kork, Linoleum, Naturböden, Sauberlaufböden, CV-Design-Beläge, Elastische Böden, Matten und Unterlegprodukte – unser Sortiment lässt keine Wünsche offen. Unsere Stärken sind unsere langjährige Erfahrung ,unsere tollen Mitarbeiter und unsere erstklassige Produktauswahl. </span></p>
<p style="text-align: justify;"><span style="font-size: medium;">Die richtige Farbe macht&#8217;s</span></p>
<p style="text-align: justify;"><img decoding="async" loading="lazy" class="alignleft wp-image-1801" src="http://www.maler-meijer.de/MalerMeijer/wp-content/uploads/2012/05/Werkzeugseite-550x413.jpg" alt="Werkzeugseite" width="632" height="474" srcset="https://www.maler-meijer.de/MalerMeijer/wp-content/uploads/2012/05/Werkzeugseite-550x413.jpg 550w, https://www.maler-meijer.de/MalerMeijer/wp-content/uploads/2012/05/Werkzeugseite.jpg 650w" sizes="(max-width: 632px) 100vw, 632px" /></p>
<p style="text-align: justify;"><span style="font-size: medium;">Caparol-Sikkens-Herbol-CWS.Wir führen ein umfangreiches Farben- und Lacksortiment für jeden Einsatzbereich.</span></p>
<p style="text-align: justify;"><span style="font-size: medium;">Sie möchten mehr wissen? Wir beraten Sie gern – sprechen Sie uns an!</span><span style="font-size: medium;">Individuelle Farbtonwünsche werden an der ColorExpress-Station gemischt und </span></p>
<p style="text-align: justify;"><span style="font-size: medium;">gespeichert, so dass Ihr Wunschfarbton jederzeit nachgeliefert werden kann.</span></p>

<p>Moderne Wandgestaltung setzt Akzente und schenkt Wohnlichkeit. Die Farbgestaltung in unseren eigenen vier Wänden kann sehr viel zu unserem Wohlbefinden beitragen.Noch nie war die Auswahl an Tapetenmustern und Designs so groß wie heute!Unser Fachgeschäft mit ca.300 qm Auswahl an Tapeten, Farben (mit eigener Farbmischanlage) Teppichböden, Parkett, Kork, Designbelägen,Zierprofilen und  mehr wartet auf Sie. &nbsp; &nbsp; [&hellip;]</p>
