{"id":308,"date":"2012-06-01T12:32:13","date_gmt":"2012-06-01T10:32:13","guid":{"rendered":"http:\/\/www.maler-meijer.de\/MalerMeijer\/?page_id=308"},"modified":"2016-06-02T08:20:22","modified_gmt":"2016-06-02T06:20:22","slug":"malerarbeiten","status":"publish","type":"page","link":"https:\/\/www.maler-meijer.de\/MalerMeijer\/malerarbeiten\/","title":{"rendered":"Leistungen"},"content":{"rendered":"<p style=\"text-align: justify;\"><span style=\"font-size: medium;\"><img decoding=\"async\" loading=\"lazy\" class=\"alignleft size-medium wp-image-1844\" src=\"http:\/\/www.maler-meijer.de\/MalerMeijer\/wp-content\/uploads\/2012\/06\/Pylon-Maler-Meijer-f\u00fcr-Homepage-244x550.jpg\" alt=\"Pylon-Maler-Meijer f\u00fcr Homepage\" width=\"244\" height=\"550\" srcset=\"https:\/\/www.maler-meijer.de\/MalerMeijer\/wp-content\/uploads\/2012\/06\/Pylon-Maler-Meijer-f\u00fcr-Homepage-244x550.jpg 244w, https:\/\/www.maler-meijer.de\/MalerMeijer\/wp-content\/uploads\/2012\/06\/Pylon-Maler-Meijer-f\u00fcr-Homepage.jpg 300w\" sizes=\"(max-width: 244px) 100vw, 244px\" \/><\/span><\/p>\n<p style=\"text-align: justify;\"><span style=\"font-size: medium;\">Moin und herzlich willkommen bei Ihrem Malerbetrieb Meijer.<\/span><\/p>\n<p style=\"text-align: justify;\"><span style=\"font-size: medium;\">Als Innungsmeisterbetrieb in Weener stehen wir f\u00fcr Qualit\u00e4t, Sorgfalt und Zuverl\u00e4ssigkeit.Auf diesen Seiten m\u00f6chten wir Ihnen einen \u00dcberblick \u00fcber unser Leistungsspektrum bieten.Bei uns sind Sie in guten H\u00e4nden,wenn es um die Versch\u00f6nerung oder Werterhaltung Ihres Zuhause geht.<\/span><\/p>\n<p><img decoding=\"async\" loading=\"lazy\" class=\"size-full wp-image-1378 alignleft\" title=\"Meisterbetrieb - Qualit\u00c3\u00a4t vom Fachmann\" src=\"http:\/\/www.maler-meijer.de\/MalerMeijer\/wp-content\/uploads\/2012\/06\/Fotolia_44123896_XSklein.jpg\" alt=\"\" width=\"207\" height=\"207\" srcset=\"https:\/\/www.maler-meijer.de\/MalerMeijer\/wp-content\/uploads\/2012\/06\/Fotolia_44123896_XSklein.jpg 207w, https:\/\/www.maler-meijer.de\/MalerMeijer\/wp-content\/uploads\/2012\/06\/Fotolia_44123896_XSklein-150x150.jpg 150w, https:\/\/www.maler-meijer.de\/MalerMeijer\/wp-content\/uploads\/2012\/06\/Fotolia_44123896_XSklein-184x184.jpg 184w, https:\/\/www.maler-meijer.de\/MalerMeijer\/wp-content\/uploads\/2012\/06\/Fotolia_44123896_XSklein-48x48.jpg 48w, https:\/\/www.maler-meijer.de\/MalerMeijer\/wp-content\/uploads\/2012\/06\/Fotolia_44123896_XSklein-186x186.jpg 186w\" sizes=\"(max-width: 207px) 100vw, 207px\" \/><\/p>\n<p style=\"text-align: right;\"><span style=\"font-size: medium;\"><strong>Innovationsfreude und Kreativit\u00e4t<\/strong> <\/span><\/p>\n<p style=\"text-align: justify;\"><span style=\"font-size: medium;\">Moderne Wandgestaltung setzt Akzente und schenkt Wohnlichkeit. Damit sie gelingt, braucht es neben professioneller Verarbeitung erstklassige Produktqualit\u00e4t und individuelles Design. Als Ihr Partner bieten wir Ihnen hochwertige Tapezier- und Lackierarbeiten in unterschiedlichsten Materialien und Stilrichtungen.<\/span><\/p>\n<p>&nbsp;<\/p>\n<p>&nbsp;<\/p>\n<p>&nbsp;<\/p>\n<p>&nbsp;<\/p>\n<p>&nbsp;<\/p>\n<p>&nbsp;<\/p>\n<p>&nbsp;<\/p>\n<p><strong><span style=\"font-size: medium;\">Fassadengestaltung undFassadensanierung<\/span><\/strong><\/p>\n<ul>\n<li><span style=\"font-size: medium;\">Fassadenanstriche<\/span><\/li>\n<li><span style=\"font-size: medium;\">Riss\u00fcberbr\u00fcckende Fassadenbeschichtungen<\/span><\/li>\n<li><span style=\"font-size: medium;\">Mineralische Kratzputze<\/span><\/li>\n<li><span style=\"font-size: medium;\">Kunstharzputze<\/span><\/li>\n<li><span style=\"font-size: medium;\">Silikonharzputze<\/span><\/li>\n<li><span style=\"font-size: medium;\">Riss-Beseitigung aller Art<\/span><\/li>\n<\/ul>\n<p>&nbsp;<\/p>\n<p><strong><span style=\"font-size: medium;\">Zeitgem\u00e4\u00dfe Bodengestaltung nach Ma\u00df <\/span><\/strong><\/p>\n<p><span style=\"font-size: medium;\">Ob textile B\u00f6den, Parkett, Laminat, Kork, Linoleum, Naturb\u00f6den, Sauberlaufb\u00f6den, CV-Design-Bel\u00e4ge, Elastische B\u00f6den, Matten und Unterlegprodukte \u2013\u00a0unser Sortiment l\u00e4sst keine W\u00fcnsche offen. Unsere St\u00e4rken sind unsere langj\u00e4hrige Erfahrung ,unsere tollen Mitarbeiter und unsere erstklassige Produktauswahl.<\/span><\/p>\n<p>&nbsp;<\/p>\n<div class=\"large-4 columns\" style=\"margin-top: 25px;\">\n<p><strong><span style=\"font-size: medium;\">Wussten Sie schon?<\/span><\/strong><\/p>\n<p><span style=\"font-size: medium;\">Feuchtigkeit kann in Geb\u00e4uden zu gesundheitsgef\u00e4hrdenden Schimmelpilzen f\u00fchren. \u00a0Wir sind ein T\u00dcV-gepr\u00fcftes Fachunternehmen und f\u00fchren die Beseitigung von Schimmelpilzen in Innenr\u00e4umen aus. F\u00fcr weitere Informationen sprechen Sie uns gerne an!<\/span><\/p>\n<\/div>\n<p>&nbsp;<\/p>\n<p><span style=\"font-size: medium;\"><strong>Glaserarbeiten<\/strong><\/span><\/p>\n<ul>\n<li><span style=\"font-size: medium;\">Reparaturverglasungen aller Art<\/span><\/li>\n<li><span style=\"font-size: medium;\">Austausch blinder Isolierglasscheiben<\/span><\/li>\n<li><span style=\"font-size: medium;\">W\u00e4rmeschutzglas<\/span><\/li>\n<li><span style=\"font-size: medium;\">Sicherheitsglas<\/span><\/li>\n<li><span style=\"font-size: medium;\">Kamint\u00fcrenglas<\/span><\/li>\n<li><span style=\"font-size: medium;\">Schrankt\u00fcren u.v.m.<\/span><\/li>\n<\/ul>\n<p>&nbsp;<\/p>\n<p><span style=\"font-size: medium;\">Jetzt neu bei uns:<\/span><\/p>\n<p><span style=\"font-size: medium;\"><strong>Trockeneisstrahlen<\/strong><\/span><\/p>\n<p><a href=\"http:\/\/www.trockeneis-reinigen.de\/index.php?wid=2\"><img decoding=\"async\" loading=\"lazy\" class=\"alignleft size-full wp-image-1857\" src=\"http:\/\/www.maler-meijer.de\/MalerMeijer\/wp-content\/uploads\/2012\/06\/teo-logo4.jpg\" alt=\"teo-logo4\" width=\"169\" height=\"100\" \/><\/a><\/p>\n<p>&nbsp;<\/p>\n<p>&nbsp;<\/p>\n<p>&nbsp;<\/p>\n<p>&nbsp;<\/p>\n","protected":false},"excerpt":{"rendered":"<p>Moin und herzlich willkommen bei Ihrem Malerbetrieb Meijer. Als Innungsmeisterbetrieb in Weener stehen wir f\u00fcr Qualit\u00e4t, Sorgfalt und Zuverl\u00e4ssigkeit.Auf diesen Seiten m\u00f6chten wir Ihnen einen \u00dcberblick \u00fcber unser Leistungsspektrum bieten.Bei uns sind Sie in guten H\u00e4nden,wenn es um die Versch\u00f6nerung oder Werterhaltung Ihres Zuhause geht. Innovationsfreude und Kreativit\u00e4t Moderne Wandgestaltung setzt Akzente und schenkt Wohnlichkeit. [&hellip;]<\/p>\n","protected":false},"author":1,"featured_media":0,"parent":0,"menu_order":0,"comment_status":"closed","ping_status":"closed","template":"page-full.php","meta":[],"aioseo_notices":[],"_links":{"self":[{"href":"https:\/\/www.maler-meijer.de\/MalerMeijer\/wp-json\/wp\/v2\/pages\/308"}],"collection":[{"href":"https:\/\/www.maler-meijer.de\/MalerMeijer\/wp-json\/wp\/v2\/pages"}],"about":[{"href":"https:\/\/www.maler-meijer.de\/MalerMeijer\/wp-json\/wp\/v2\/types\/page"}],"author":[{"embeddable":true,"href":"https:\/\/www.maler-meijer.de\/MalerMeijer\/wp-json\/wp\/v2\/users\/1"}],"replies":[{"embeddable":true,"href":"https:\/\/www.maler-meijer.de\/MalerMeijer\/wp-json\/wp\/v2\/comments?post=308"}],"version-history":[{"count":136,"href":"https:\/\/www.maler-meijer.de\/MalerMeijer\/wp-json\/wp\/v2\/pages\/308\/revisions"}],"predecessor-version":[{"id":1862,"href":"https:\/\/www.maler-meijer.de\/MalerMeijer\/wp-json\/wp\/v2\/pages\/308\/revisions\/1862"}],"wp:attachment":[{"href":"https:\/\/www.maler-meijer.de\/MalerMeijer\/wp-json\/wp\/v2\/media?parent=308"}],"curies":[{"name":"wp","href":"https:\/\/api.w.org\/{rel}","templated":true}]}}

<p style="text-align: justify;"><span style="font-size: medium;"><img decoding="async" loading="lazy" class="alignleft size-medium wp-image-1844" src="http://www.maler-meijer.de/MalerMeijer/wp-content/uploads/2012/06/Pylon-Maler-Meijer-für-Homepage-244x550.jpg" alt="Pylon-Maler-Meijer für Homepage" width="244" height="550" srcset="https://www.maler-meijer.de/MalerMeijer/wp-content/uploads/2012/06/Pylon-Maler-Meijer-für-Homepage-244x550.jpg 244w, https://www.maler-meijer.de/MalerMeijer/wp-content/uploads/2012/06/Pylon-Maler-Meijer-für-Homepage.jpg 300w" sizes="(max-width: 244px) 100vw, 244px" /></span></p>
<p style="text-align: justify;"><span style="font-size: medium;">Moin und herzlich willkommen bei Ihrem Malerbetrieb Meijer.</span></p>
<p style="text-align: justify;"><span style="font-size: medium;">Als Innungsmeisterbetrieb in Weener stehen wir für Qualität, Sorgfalt und Zuverlässigkeit.Auf diesen Seiten möchten wir Ihnen einen Überblick über unser Leistungsspektrum bieten.Bei uns sind Sie in guten Händen,wenn es um die Verschönerung oder Werterhaltung Ihres Zuhause geht.</span></p>
<p><img decoding="async" loading="lazy" class="size-full wp-image-1378 alignleft" title="Meisterbetrieb - QualitÃ¤t vom Fachmann" src="http://www.maler-meijer.de/MalerMeijer/wp-content/uploads/2012/06/Fotolia_44123896_XSklein.jpg" alt="" width="207" height="207" srcset="https://www.maler-meijer.de/MalerMeijer/wp-content/uploads/2012/06/Fotolia_44123896_XSklein.jpg 207w, https://www.maler-meijer.de/MalerMeijer/wp-content/uploads/2012/06/Fotolia_44123896_XSklein-150x150.jpg 150w, https://www.maler-meijer.de/MalerMeijer/wp-content/uploads/2012/06/Fotolia_44123896_XSklein-184x184.jpg 184w, https://www.maler-meijer.de/MalerMeijer/wp-content/uploads/2012/06/Fotolia_44123896_XSklein-48x48.jpg 48w, https://www.maler-meijer.de/MalerMeijer/wp-content/uploads/2012/06/Fotolia_44123896_XSklein-186x186.jpg 186w" sizes="(max-width: 207px) 100vw, 207px" /></p>
<p style="text-align: right;"><span style="font-size: medium;"><strong>Innovationsfreude und Kreativität</strong> </span></p>
<p style="text-align: justify;"><span style="font-size: medium;">Moderne Wandgestaltung setzt Akzente und schenkt Wohnlichkeit. Damit sie gelingt, braucht es neben professioneller Verarbeitung erstklassige Produktqualität und individuelles Design. Als Ihr Partner bieten wir Ihnen hochwertige Tapezier- und Lackierarbeiten in unterschiedlichsten Materialien und Stilrichtungen.</span></p>
<p>&nbsp;</p>
<p>&nbsp;</p>
<p>&nbsp;</p>
<p>&nbsp;</p>
<p>&nbsp;</p>
<p>&nbsp;</p>
<p>&nbsp;</p>
<p><strong><span style="font-size: medium;">Fassadengestaltung undFassadensanierung</span></strong></p>
<ul>
<li><span style="font-size: medium;">Fassadenanstriche</span></li>
<li><span style="font-size: medium;">Rissüberbrückende Fassadenbeschichtungen</span></li>
<li><span style="font-size: medium;">Mineralische Kratzputze</span></li>
<li><span style="font-size: medium;">Kunstharzputze</span></li>
<li><span style="font-size: medium;">Silikonharzputze</span></li>
<li><span style="font-size: medium;">Riss-Beseitigung aller Art</span></li>
</ul>
<p>&nbsp;</p>
<p><strong><span style="font-size: medium;">Zeitgemäße Bodengestaltung nach Maß </span></strong></p>
<p><span style="font-size: medium;">Ob textile Böden, Parkett, Laminat, Kork, Linoleum, Naturböden, Sauberlaufböden, CV-Design-Beläge, Elastische Böden, Matten und Unterlegprodukte – unser Sortiment lässt keine Wünsche offen. Unsere Stärken sind unsere langjährige Erfahrung ,unsere tollen Mitarbeiter und unsere erstklassige Produktauswahl.</span></p>
<p>&nbsp;</p>
<div class="large-4 columns" style="margin-top: 25px;">
<p><strong><span style="font-size: medium;">Wussten Sie schon?</span></strong></p>
<p><span style="font-size: medium;">Feuchtigkeit kann in Gebäuden zu gesundheitsgefährdenden Schimmelpilzen führen.  Wir sind ein TÜV-geprüftes Fachunternehmen und führen die Beseitigung von Schimmelpilzen in Innenräumen aus. Für weitere Informationen sprechen Sie uns gerne an!</span></p>
</div>
<p>&nbsp;</p>
<p><span style="font-size: medium;"><strong>Glaserarbeiten</strong></span></p>
<ul>
<li><span style="font-size: medium;">Reparaturverglasungen aller Art</span></li>
<li><span style="font-size: medium;">Austausch blinder Isolierglasscheiben</span></li>
<li><span style="font-size: medium;">Wärmeschutzglas</span></li>
<li><span style="font-size: medium;">Sicherheitsglas</span></li>
<li><span style="font-size: medium;">Kamintürenglas</span></li>
<li><span style="font-size: medium;">Schranktüren u.v.m.</span></li>
</ul>
<p>&nbsp;</p>
<p><span style="font-size: medium;">Jetzt neu bei uns:</span></p>
<p><span style="font-size: medium;"><strong>Trockeneisstrahlen</strong></span></p>
<p><a href="http://www.trockeneis-reinigen.de/index.php?wid=2"><img decoding="async" loading="lazy" class="alignleft size-full wp-image-1857" src="http://www.maler-meijer.de/MalerMeijer/wp-content/uploads/2012/06/teo-logo4.jpg" alt="teo-logo4" width="169" height="100" /></a></p>
<p>&nbsp;</p>
<p>&nbsp;</p>
<p>&nbsp;</p>
<p>&nbsp;</p>

<p>Moin und herzlich willkommen bei Ihrem Malerbetrieb Meijer. Als Innungsmeisterbetrieb in Weener stehen wir für Qualität, Sorgfalt und Zuverlässigkeit.Auf diesen Seiten möchten wir Ihnen einen Überblick über unser Leistungsspektrum bieten.Bei uns sind Sie in guten Händen,wenn es um die Verschönerung oder Werterhaltung Ihres Zuhause geht. Innovationsfreude und Kreativität Moderne Wandgestaltung setzt Akzente und schenkt Wohnlichkeit. [&hellip;]</p>
