{"id":317,"date":"2012-06-04T09:11:35","date_gmt":"2012-06-04T07:11:35","guid":{"rendered":"http:\/\/www.maler-meijer.de\/MalerMeijer\/?page_id=317"},"modified":"2016-05-30T11:20:02","modified_gmt":"2016-05-30T09:20:02","slug":"warmedammung","status":"publish","type":"page","link":"https:\/\/www.maler-meijer.de\/MalerMeijer\/warmedammung\/","title":{"rendered":"W\u00e4rmed\u00e4mmung"},"content":{"rendered":"<p style=\"text-align: justify;\"><span style=\"font-size: medium;\">Energiekosten effizient senken durch WDVS<\/span><\/p>\n<p style=\"text-align: justify;\">\n<p style=\"text-align: justify;\">\n<p style=\"text-align: justify;\"><a href=\"http:\/\/www.maler-meijer.de\/MalerMeijer\/leistungen\/warmedammung\/wdvs1\/\" rel=\"attachment wp-att-814\"><img decoding=\"async\" loading=\"lazy\" class=\"size-full wp-image-814 alignleft\" title=\"WDVS1\" src=\"http:\/\/www.maler-meijer.de\/MalerMeijer\/wp-content\/uploads\/2012\/06\/WDVS1.png\" alt=\"\" width=\"346\" height=\"699\" srcset=\"https:\/\/www.maler-meijer.de\/MalerMeijer\/wp-content\/uploads\/2012\/06\/WDVS1.png 346w, https:\/\/www.maler-meijer.de\/MalerMeijer\/wp-content\/uploads\/2012\/06\/WDVS1-74x150.png 74w, https:\/\/www.maler-meijer.de\/MalerMeijer\/wp-content\/uploads\/2012\/06\/WDVS1-272x550.png 272w\" sizes=\"(max-width: 346px) 100vw, 346px\" \/><\/a><\/p>\n<p style=\"text-align: justify;\"><span style=\"font-size: medium;\">Nicht nur Aufgrund der stetig steigenden Kosten f\u00fcr Gas, Kohle, \u00d6l und weiterer Rohstoffe, sondern auch durch die von der Bundesregierung umzusetzendeNovellierung der Energie-Richtlinien ist das Thema W\u00e4rmed\u00e4mmung aktuell wie nie. Gerne beraten wir Sie umfassend und sichern Ihnen, durch mehr als 15 Jahre Erfahrung im Bereich W\u00e4rmed\u00e4mmun<\/span><span style=\"font-size: small;\"><span style=\"font-size: medium;\">gen, eine fach- und objektgerechte Ausf\u00fchrung zu.In den Bildern unten sehen Sie ein von uns im Jahr 2011 ged\u00e4mmtes Mehrfamilienhaus.Vorher und nachher.<\/span><br \/>\n<\/span><\/p>\n<p style=\"text-align: center;\">\n<p style=\"text-align: center;\">\n","protected":false},"excerpt":{"rendered":"<p>Energiekosten effizient senken durch WDVS Nicht nur Aufgrund der stetig steigenden Kosten f\u00fcr Gas, Kohle, \u00d6l und weiterer Rohstoffe, sondern auch durch die von der Bundesregierung umzusetzendeNovellierung der Energie-Richtlinien ist das Thema W\u00e4rmed\u00e4mmung aktuell wie nie. Gerne beraten wir Sie umfassend und sichern Ihnen, durch mehr als 15 Jahre Erfahrung im Bereich W\u00e4rmed\u00e4mmungen, eine fach- [&hellip;]<\/p>\n","protected":false},"author":1,"featured_media":0,"parent":0,"menu_order":0,"comment_status":"closed","ping_status":"closed","template":"page-full.php","meta":[],"aioseo_notices":[],"_links":{"self":[{"href":"https:\/\/www.maler-meijer.de\/MalerMeijer\/wp-json\/wp\/v2\/pages\/317"}],"collection":[{"href":"https:\/\/www.maler-meijer.de\/MalerMeijer\/wp-json\/wp\/v2\/pages"}],"about":[{"href":"https:\/\/www.maler-meijer.de\/MalerMeijer\/wp-json\/wp\/v2\/types\/page"}],"author":[{"embeddable":true,"href":"https:\/\/www.maler-meijer.de\/MalerMeijer\/wp-json\/wp\/v2\/users\/1"}],"replies":[{"embeddable":true,"href":"https:\/\/www.maler-meijer.de\/MalerMeijer\/wp-json\/wp\/v2\/comments?post=317"}],"version-history":[{"count":45,"href":"https:\/\/www.maler-meijer.de\/MalerMeijer\/wp-json\/wp\/v2\/pages\/317\/revisions"}],"predecessor-version":[{"id":1833,"href":"https:\/\/www.maler-meijer.de\/MalerMeijer\/wp-json\/wp\/v2\/pages\/317\/revisions\/1833"}],"wp:attachment":[{"href":"https:\/\/www.maler-meijer.de\/MalerMeijer\/wp-json\/wp\/v2\/media?parent=317"}],"curies":[{"name":"wp","href":"https:\/\/api.w.org\/{rel}","templated":true}]}}

Wärmedämmung

<p style="text-align: justify;"><span style="font-size: medium;">Energiekosten effizient senken durch WDVS</span></p>
<p style="text-align: justify;">
<p style="text-align: justify;">
<p style="text-align: justify;"><a href="http://www.maler-meijer.de/MalerMeijer/leistungen/warmedammung/wdvs1/" rel="attachment wp-att-814"><img decoding="async" loading="lazy" class="size-full wp-image-814 alignleft" title="WDVS1" src="http://www.maler-meijer.de/MalerMeijer/wp-content/uploads/2012/06/WDVS1.png" alt="" width="346" height="699" srcset="https://www.maler-meijer.de/MalerMeijer/wp-content/uploads/2012/06/WDVS1.png 346w, https://www.maler-meijer.de/MalerMeijer/wp-content/uploads/2012/06/WDVS1-74x150.png 74w, https://www.maler-meijer.de/MalerMeijer/wp-content/uploads/2012/06/WDVS1-272x550.png 272w" sizes="(max-width: 346px) 100vw, 346px" /></a></p>
<p style="text-align: justify;"><span style="font-size: medium;">Nicht nur Aufgrund der stetig steigenden Kosten für Gas, Kohle, Öl und weiterer Rohstoffe, sondern auch durch die von der Bundesregierung umzusetzendeNovellierung der Energie-Richtlinien ist das Thema Wärmedämmung aktuell wie nie. Gerne beraten wir Sie umfassend und sichern Ihnen, durch mehr als 15 Jahre Erfahrung im Bereich Wärmedämmun</span><span style="font-size: small;"><span style="font-size: medium;">gen, eine fach- und objektgerechte Ausführung zu.In den Bildern unten sehen Sie ein von uns im Jahr 2011 gedämmtes Mehrfamilienhaus.Vorher und nachher.</span><br />
</span></p>
<p style="text-align: center;">
<p style="text-align: center;">

<p>Energiekosten effizient senken durch WDVS Nicht nur Aufgrund der stetig steigenden Kosten für Gas, Kohle, Öl und weiterer Rohstoffe, sondern auch durch die von der Bundesregierung umzusetzendeNovellierung der Energie-Richtlinien ist das Thema Wärmedämmung aktuell wie nie. Gerne beraten wir Sie umfassend und sichern Ihnen, durch mehr als 15 Jahre Erfahrung im Bereich Wärmedämmungen, eine fach- [&hellip;]</p>
