{"id":319,"date":"2012-06-04T09:12:12","date_gmt":"2012-06-04T07:12:12","guid":{"rendered":"http:\/\/www.maler-meijer.de\/MalerMeijer\/?page_id=319"},"modified":"2020-11-19T10:43:46","modified_gmt":"2020-11-19T09:43:46","slug":"tuv-zertifizierte-schimmelsanierung","status":"publish","type":"page","link":"https:\/\/www.maler-meijer.de\/MalerMeijer\/tuv-zertifizierte-schimmelsanierung\/","title":{"rendered":"Schimmelsanierung"},"content":{"rendered":"<p><span style=\"font-family: Arial,sans-serif; font-size: medium;\">Schimmelpilze in Innenr\u00e4umen sind nach wie vor eine untersch\u00e4tzte Gefahr.Bei der Sanierung von Schimmelpilzsch\u00e4den werden h\u00e4ufig nur Symptome, aber nicht die Ursachen des Schadens beseitigt. Wir zeigen Ihnen,welche Schritte n\u00f6tig sind, um Pilzbefall zu erkennen, zu bewerten und fachgerecht zu sanieren.<\/span><\/p>\n<p><img decoding=\"async\" loading=\"lazy\" class=\" size-full wp-image-794 aligncenter\" title=\"Schimmelsanierung2\" src=\"http:\/\/www.maler-meijer.de\/MalerMeijer\/wp-content\/uploads\/2012\/06\/Schimmelsanierung2.png\" alt=\"\" width=\"602\" height=\"859\" srcset=\"https:\/\/www.maler-meijer.de\/MalerMeijer\/wp-content\/uploads\/2012\/06\/Schimmelsanierung2.png 602w, https:\/\/www.maler-meijer.de\/MalerMeijer\/wp-content\/uploads\/2012\/06\/Schimmelsanierung2-105x150.png 105w, https:\/\/www.maler-meijer.de\/MalerMeijer\/wp-content\/uploads\/2012\/06\/Schimmelsanierung2-385x550.png 385w\" sizes=\"(max-width: 602px) 100vw, 602px\" \/><\/p>\n","protected":false},"excerpt":{"rendered":"<p>Schimmelpilze in Innenr\u00e4umen sind nach wie vor eine untersch\u00e4tzte Gefahr.Bei der Sanierung von Schimmelpilzsch\u00e4den werden h\u00e4ufig nur Symptome, aber nicht die Ursachen des Schadens beseitigt. Wir zeigen Ihnen,welche Schritte n\u00f6tig sind, um Pilzbefall zu erkennen, zu bewerten und fachgerecht zu sanieren.<\/p>\n","protected":false},"author":1,"featured_media":0,"parent":0,"menu_order":0,"comment_status":"closed","ping_status":"closed","template":"page-full.php","meta":[],"aioseo_notices":[],"_links":{"self":[{"href":"https:\/\/www.maler-meijer.de\/MalerMeijer\/wp-json\/wp\/v2\/pages\/319"}],"collection":[{"href":"https:\/\/www.maler-meijer.de\/MalerMeijer\/wp-json\/wp\/v2\/pages"}],"about":[{"href":"https:\/\/www.maler-meijer.de\/MalerMeijer\/wp-json\/wp\/v2\/types\/page"}],"author":[{"embeddable":true,"href":"https:\/\/www.maler-meijer.de\/MalerMeijer\/wp-json\/wp\/v2\/users\/1"}],"replies":[{"embeddable":true,"href":"https:\/\/www.maler-meijer.de\/MalerMeijer\/wp-json\/wp\/v2\/comments?post=319"}],"version-history":[{"count":47,"href":"https:\/\/www.maler-meijer.de\/MalerMeijer\/wp-json\/wp\/v2\/pages\/319\/revisions"}],"predecessor-version":[{"id":1981,"href":"https:\/\/www.maler-meijer.de\/MalerMeijer\/wp-json\/wp\/v2\/pages\/319\/revisions\/1981"}],"wp:attachment":[{"href":"https:\/\/www.maler-meijer.de\/MalerMeijer\/wp-json\/wp\/v2\/media?parent=319"}],"curies":[{"name":"wp","href":"https:\/\/api.w.org\/{rel}","templated":true}]}}

<p><span style="font-family: Arial,sans-serif; font-size: medium;">Schimmelpilze in Innenräumen sind nach wie vor eine unterschätzte Gefahr.Bei der Sanierung von Schimmelpilzschäden werden häufig nur Symptome, aber nicht die Ursachen des Schadens beseitigt. Wir zeigen Ihnen,welche Schritte nötig sind, um Pilzbefall zu erkennen, zu bewerten und fachgerecht zu sanieren.</span></p>
<p><img decoding="async" loading="lazy" class=" size-full wp-image-794 aligncenter" title="Schimmelsanierung2" src="http://www.maler-meijer.de/MalerMeijer/wp-content/uploads/2012/06/Schimmelsanierung2.png" alt="" width="602" height="859" srcset="https://www.maler-meijer.de/MalerMeijer/wp-content/uploads/2012/06/Schimmelsanierung2.png 602w, https://www.maler-meijer.de/MalerMeijer/wp-content/uploads/2012/06/Schimmelsanierung2-105x150.png 105w, https://www.maler-meijer.de/MalerMeijer/wp-content/uploads/2012/06/Schimmelsanierung2-385x550.png 385w" sizes="(max-width: 602px) 100vw, 602px" /></p>

<p>Schimmelpilze in Innenräumen sind nach wie vor eine unterschätzte Gefahr.Bei der Sanierung von Schimmelpilzschäden werden häufig nur Symptome, aber nicht die Ursachen des Schadens beseitigt. Wir zeigen Ihnen,welche Schritte nötig sind, um Pilzbefall zu erkennen, zu bewerten und fachgerecht zu sanieren.</p>
